ded by 102503.
12217
What is the remainder when 7991856 is divided by 9469?
20
Calculate the remainder when 363129 is divided by 572.
481
What is the remainder when 22861377 is divided by 586188?
45
Calculate the remainder when 139050941 is divided by 34762735.
1
What is the remainder when 2166218 is divided by 7444?
14
Calculate the remainder when 5799923 is divided by 12.
11
Calculate the remainder when 108974 is divided by 1254.
1130
What is the remainder when 1351347 is divided by 1925?
1922
Calculate the remainder when 69099 is divided by 69030.
69
What is the remainder when 135928 is divided by 44946?
1090
What is the remainder when 353943 is divided by 349773?
4170
What is the remainder when 190784 is divided by 135?
29
Calculate the remainder when 45969866 is divided by 341.
338
Calculate the remainder when 492281 is divided by 245888.
505
What is the remainder when 1187724 is divided by 181?
2
Calculate the remainder when 1492380154 is divided by 1938.
1936
What is the remainder when 4627310 is divided by 165261?
2
Calculate the remainder when 1799250 is divided by 395.
25
Calculate the remainder when 464131 is divided by 1029.
52
Calculate the remainder when 228242997 is divided by 17.
11
Calculate the remainder when 5242500 is divided by 93.
90
Calculate the remainder when 637233 is divided by 30340.
93
Calculate the remainder when 5518056 is divided by 57.
0
Calculate the remainder when 1159725 is divided by 67.
22
What is the remainder when 312970 is divided by 6?
4
Calculate the remainder when 3282944 is divided by 1094046.
806
Calculate the remainder when 1386514 is divided by 217.
101
What is the remainder when 199554 is divided by 12882?
6324
What is the remainder when 157715 is divided by 15755?
165
Calculate the remainder when 1867704 is divided by 92.
12
What is the remainder when 153562329 is divided by 559?
557
Calculate the remainder when 12934478 is divided by 12077.
11
Calculate the remainder when 213701 is divided by 333.
248
Calculate the remainder when 598062 is divided by 1378.
10
Calculate the remainder when 64161096 is divided by 6449.
6444
What is the remainder when 60679 is divided by 1695?
1354
Calculate the remainder when 345494 is divided by 425.
394
Calculate the remainder when 1752184 is divided by 8589.
28
What is the remainder when 7113514 is divided by 131?
83
What is the remainder when 138946538 is divided by 20024?
2
What is the remainder when 70211 is divided by 23296?
323
Calculate the remainder when 1969913 is divided by 171.
164
What is the remainder when 394684 is divided by 471?
457
Calculate the remainder when 41987431 is divided by 129.
124
What is the remainder when 2678826 is divided by 191331?
192
What is the remainder when 14825610 is divided by 625?
610
Calculate the remainder when 138002 is divided by 1259.
771
What is the remainder when 32519205 is divided by 800?
5
What is the remainder when 539934 is divided by 39?
18
Calculate the remainder when 5798756 is divided by 222.
116
What is the remainder when 62448 is divided by 3383?
1554
Calculate the remainder when 228606118 is divided by 5496.
5494
Calculate the remainder when 137998 is divided by 3673.
2097
Calculate the remainder when 23917870 is divided by 306.
298
Calculate the remainder when 1566696 is divided by 498.
486
What is the remainder when 264262 is divided by 88085?
7
Calculate the remainder when 9314285 is divided by 425.
410
Calculate the remainder when 1260586 is divided by 473.
41
What is the remainder when 15161370 is divided by 903?
0
What is the remainder when 1622587 is divided by 9379?
20
What is the remainder when 77487046 is divided by 12?
10
What is the remainder when 7078193 is divided by 1179696?
17
What is the remainder when 4888470 is divided by 376035?
15
What is the remainder when 4822726 is divided by 3659?
164
Calculate the remainder when 620423528 is divided by 12.
8
What is the remainder when 649151 is divided by 11187?
305
What is the remainder when 23770033 is divided by 177?
172
What is the remainder when 55208 is divided by 733?
233
What is the remainder when 42592687 is divided by 413?
410
What is the remainder when 5009546 is divided by 23300?
46
Calculate the remainder when 143051691 is divided by 35762920.
11
What is the remainder when 14224601 is divided by 294?
293
What is the remainder when 84792 is divided by 1570?
12
Calculate the remainder when 9115040 is divided by 73.
41
Calculate the remainder when 153922801 is divided by 298300.
1
What is the remainder when 43027951 is divided by 1241?
1240
What is the remainder when 258504 is divided by 258495?
9
Calculate the remainder when 42751792 is divided by 29.
21
Calculate the remainder when 1279898 is divided by 49226.
22
Calculate the remainder when 304522 is divided by 50684.
418
Calculate the remainder when 6757111 is divided by 87.
82
What is the remainder when 1624144 is divided by 741?
613
What is the remainder when 297660 is divided by 453?
39
Calculate the remainder when 104729 is divided by 37.
19
What is the remainder when 3932721 is divided by 45726?
285
What is the remainder when 8314243 is divided by 91?
28
What is the remainder when 6616313 is divided by 43?
32
What is the remainder when 111846222 is divided by 2195?
2192
Calculate the remainder when 779094 is divided by 59930.
4
Calculate the remainder when 55918 is divided by 18.
10
Calculate the remainder when 28445492 is divided by 9481828.
8
Calculate the remainder when 4852 is divided by 796.
76
What is the remainder when 1612017 is divided by 1611992?
25
What is the remainder when 6071191 is divided by 137978?
159
What is the remainder when 57805 is divided by 1356?
853
What is the remainder when 51851209 is divided by 90176?
9
What is the remainder when 513249 is divided by 256608?
33
What is the remainder when 47093458 is divided by 110548?
10
Calculate the remainder when 151683812 is divided by 23.
8
Calculate the remainder when 124786273 is divided by 25.
23
What is the remainder when 597095 is divided by 613?
33
Calculate the remainder when 2833065 is divided by 1945.
1145
Calculate the remainder when 3038979 is divided by 55.
9
Calculate the remainder when 8238825 is divided by 226.
221
Calculate the remainder when 3908665 is divided by 11.
2
What is the remainder when 1103919 is divided by 950?
19
What is the remainder when 86671 is divided by 85762?
909
What is the remainder when 115317053 is divided by 15?
8
What is the remainder when 17638 is divided by 8730?
178
What is the remainder when 21072527 is divided by 24?
23
Calculate the remainder when 333999 is divided by 333350.
649
What is the remainder when 297427 is divided by 589?
571
Calculate the remainder when 11106303 is divided by 176.
175
What is the remainder when 298771 is divided by 1296?
691
Calculate the remainder when 228414002 is divided by 364.
362
What is the remainder when 278158 is divided by 39731?
41
What is the remainder when 2171760 is divided by 17?
10
Calculate the remainder when 68570424 is divided by 1253.
1252
Calculate the remainder when 211799412 is divided by 57.
9
Calculate the remainder when 3305625 is divided by 3055.
115
What is the remainder when 20466224 is divided by 4?
0
Calculate the remainder when 494261 is divided by 29066.
139
What is the remainder when 312650 is divided by 155?
15
What is the remainder when 363598 is divided by 181515?
568
Calculate the remainder when 186481 is divided by 186404.
77
What is the remainder when 445834 is divided by 2840?
2794
Calculate the remainder when 5237596 is divided by 13.
0
Calculate the remainder when 3008702 is divided by 1829.
1826
Calculate the remainder when 6710870 is divided by 1172.
1170
What is the remainder when 25054 is divided by 20604?
4450
Calculate the remainder when 54694 is divided by 54129.
565
What is the remainder when 35663 is divided by 1481?
119
What is the remainder when 66281119 is divided by 76?
75
What is the remainder when 161616069 is divided by 306?
27
Calculate the remainder when 6020615 is divided by 606.
5
Calculate the remainder when 133222 is divided by 9035.
6732
Calculate the remainder when 7222643 is divided by 598.
597
What is the remainder when 30169 is divided by 6939?
2413
What is 